 of i?
7
Let t be 11 - 1 - 0/7. What is the tens digit of 5/(-1)*(-32)/t?
1
Let v be 3 - 1 - -3 - 2. Suppose -v*j = 2*c - 37 + 2, -15 = -j + c. What is the tens digit of j?
1
Suppose 0 = 2*l - l + 3, -3*l = -5*o + 19. Let v be 13/4 - o/8. Let h = v + 15. What is the units digit of h?
8
Let t(c) = c**2 - 9*c + 7. Let a = 21 + -14. Let d be t(a). Let n(g) = -g**2 - 9*g - 7. What is the units digit of n(d)?
7
Suppose 0 = -4*o - o. Suppose o = 3*i + i. Suppose i = -y + 10 + 7. What is the tens digit of y?
1
Let k(o) = 3*o + 1. What is the tens digit of k(8)?
2
Suppose -8 = -5*i + 2*g, -4*i + 9 = 5*g - 4*g. Let t be (13/i - -2)*2. Let v = 30 - t. What is the tens digit of v?
1
Let m(l) = l**2 + 7*l - 10. What is the units digit of m(-10)?
0
Suppose -10 = -4*v - 2. Let l(q) = q**v + 1 - 2 - 2*q + 2. What is the units digit of l(2)?
1
Let q(d) = d + 101. What is the hundreds digit of q(0)?
1
Suppose 3*c + 0*c - 6 = -5*u, 6 = 3*u + 3*c. Let q(k) = 0*k - 11 + u*k - 2*k. What is the units digit of q(-9)?
7
Let l be 2 + (-21)/1 + 1. Let g be -3*3/l*2. Suppose -g = -p + 1. What is the units digit of p?
2
What is the tens digit of (14/35)/((-3)/(-165))?
2
What is the tens digit of (-6)/4*46/(-3)?
2
What is the units digit of ((-58)/(-8) + -3)*4?
7
Suppose -2*z - 5*f = -27, -6*z + 5*z = 3*f - 13. What is the units digit of z?
6
Suppose 5*i - 2*i + 6 = 0, -3*i = k - 78. What is the units digit of k?
4
Suppose -38 = 7*t - 9*t. Let o = t - 13. What is the units digit of o?
6
Suppose 39 + 37 = 4*w + 4*j, 0 = -5*w + 2*j + 130. Suppose 28 = 3*y + 5*i, 4*i = 4*y - 8 + w. What is the units digit of y + -1 - (2 - 9)?
7
What is the tens digit of ((-24)/(-28))/((-1)/(-21))?
1
Let l = -7 - -12. Let y = -10 + l. Let b = y + 9. What is the units digit of b?
4
Let r = -8 + -3. Let b = r - -19. What is the units digit of b?
8
Suppose -9 - 11 = -5*c. Suppose 0*b = c*b - 12. Suppose 2*r + b*r - 45 = 0. What is the units digit of r?
9
Suppose 0 = -2*q + 4*q + 4. Let v be (-6)/(26/12 + q). Let t = -23 - v. What is the tens digit of t?
1
Let q(g) be the third derivative of -g**6/120 - g**5/30 - g**4/24 + 2*g**3/3 + g**2. What is the tens digit of q(-3)?
1
Let o(b) = -2*b - 4. Let a(s) = -7*s - 16. Let p(g) = 6*a(g) - 22*o(g). Let u = 26 - 18. What is the units digit of p(u)?
8
Suppose 3 = 2*a - 3. Suppose v + q - 65 = -3*v, -a*v + 4*q = -25. What is the units digit of (v/12)/((-2)/(-24))?
5
Let g(o) = -4*o**3 - 1. Let v be g(1). Let y(p) = p**2 + 8*p + 3. Let h be y(v). Let q = h - -19. What is the units digit of q?
7
Let p be 4/(-14) + (-120)/21. Let c be 4/p + (-1)/3. What is the units digit of 3 + 3 + c + 0?
5
Let y be (-2 + 1)/((-5)/25). Suppose 2*i - y*a + a = 0, -2*i + 2*a = -2. Suppose 3*c - i - 1 = 0. What is the units digit of c?
1
Let h(g) = g**2 + 9*g + 1. Suppose 4*k + 0*k + 28 = 0. Let s be h(k). Let r = 24 + s. What is the units digit of r?
1
Let s(m) = -m - 1 + 7*m**3 + m**2 + m. Let o be s(1). Suppose o = -n - 5*t, 2*n - 4*t - 2 = -6*t. What is the units digit of n?
3
What is the units digit of (166/6)/(6/18)?
3
Let t(x) = x**3 - 2*x**2 - 3*x + 2. Let g be t(3). Suppose 0 = -2*k - k + 36. Suppose 3*z - 18 = -m, -z = -g*m + z + k. What is the units digit of m?
9
Suppose -5*d + 2 - 48 = -2*f, -15 = -5*f. Let l be (-9)/(-7) - d/(-28). Let o(t) = 5*t**3 - t**2 + 1. What is the units digit of o(l)?
5
Let m = 88 + -5. Let y = m - 45. What is the tens digit of y?
3
Let m = 67 + -3. What is the units digit of m?
4
Let n = -1 - 16. Let m = n - -43. What is the tens digit of m?
2
Let j(z) be the second derivative of -z**3/6 + 5*z**2/2 + 4*z. Let y be j(10). What is the tens digit of (-106)/(-7) - y/(-35)?
1
Let i(s) = 10*s**3 - 3*s**2 + 3*s + 1. What is the units digit of i(2)?
5
Suppose 0 = x - 8*x. Suppose x*u + 20 = 5*u. What is the units digit of u?
4
Let q(b) = -3*b + 3. Let m = 9 - 16. What is the units digit of q(m)?
4
Suppose 0 = -3*h + 2*h. Suppose -3*s + 34 + 38 = h. Suppose 6*t - 3*t = -5*a + s, -3*a = -2*t - 3. What is the units digit of t?
3
Suppose 0 = -4*l + 2*l - 2. Let p be (1 + l + -3)/1. Let a = p + 5. What is the units digit of a?
2
Suppose -2*g + 3*b + 19 = 6*b, -16 = -3*g - 2*b. What is the units digit of 68*(2 + (-3)/g)?
4
Suppose -279 = -5*c - x, -20 = -3*x - 2*x. What is the units digit of c?
5
Suppose 548 = 3*a - 112. What is the tens digit of a?
2
Let r be 6/(-45) + (-5001)/(-45). Suppose 4*h + o = -0*o + r, 3*o = -15. What is the units digit of h?
9
Let t be (-2 + 1)*(-6 - -5). Let m = 3 - t. What is the units digit of m?
2
Let r be (-2)/5 - 1174/(-10). Suppose -3*k = 4*w - 139, -3*w + 0*w + 2*k + r = 0. Suppose 0 = 4*f + 1 - w. What is the units digit of f?
9
Let c = 4 - -3. Suppose -15 = -2*p + 3*l, p + 4*l = 4*p - 20. Suppose 3*z - 2 - c = p. What is the units digit of z?
3
Let m(r) = 2*r - 4. What is the units digit of m(18)?
2
Let o be (-3 + 0)*(-13)/3. Let w = o - 12. What is the units digit of w?
1
Let f(u) = u**2 - 10*u. Let p be f(10). Suppose x = -4*g + 2*x + 67, 5*g + 2*x - 87 = p. What is the tens digit of g?
1
Let o = -280 - -525. What is the tens digit of o?
4
Suppose 5*d = 99 - 19. Suppose -2*m + 4*y = 2*m - 84, -2*y = -m + d. What is the tens digit of m?
2
Suppose -27 = -2*y + 11. What is the tens digit of y?
1
Let k(g) = g**3 + 17*g**2 + 33*g - 6. What is the tens digit of k(-14)?
2
Suppose t + 3*w - 273 = -t, -w + 541 = 4*t. Suppose -v = -4*v + t. What is the units digit of v?
5
Suppose -u = -2*u. Let r(k) = 5 + k + 3 + 4 - 4. What is the units digit of r(u)?
8
Let s(x) = -10*x - 46. What is the units digit of s(-20)?
4
Let f = -7 - -2. What is the units digit of 3*5*f/(-15)?
5
Let j be 1 + -4 - (-7 + -14). Let o = 36 - j. What is the tens digit of o?
1
Suppose 12 = -3*v, 6*q + 5*v + 10 = q. Suppose 16 = y - 5*j, q*y + j + 6 = 5*y. What is the units digit of y/(-3) - (-10)/3?
3
Let r(a) be the third derivative of a**5/30 + 5*a**4/24 - a**3/3 - 8*a**2. What is the tens digit of r(-6)?
4
Let p = -17 + 19. What is the units digit of (-2)/2 + p + 19?
0
Let h = 28 + -5. What is the tens digit of h?
2
Let m = -90 + 206. What is the units digit of m?
6
Suppose r - 5*r = -16. Suppose 63 = r*t + 3. What is the units digit of t?
5
Suppose 2*t - 6 = 4. Suppose -1 = -t*q - 11, 0 = j + q + 1. What is the units digit of j?
1
Let y(r) = r**3 + 7*r**2 - r + 4. Let w be y(-7). Suppose -w - 4 = -3*n. Suppose -h + 3*k = -10, -n*h - 4*k = -2*k - 67. What is the tens digit of h?
1
Let h(j) = -j**3 - 8*j**2 - 2*j - 8. Let l be h(-8). Suppose -13 = -o + 4*a, -54 = -2*o - 4*a + l. What is the tens digit of o?
2
Suppose 3*o - o = 6, 1147 = 4*v + o. What is the units digit of v?
6
Let o = 4 + -1. Suppose -o*g = -0*g - 3. What is the units digit of g?
1
Let l be (-8)/(-36) - (-86)/18. Suppose 51 = 3*y + 4*r, l*r = -2*y + 46 - 5. What is the tens digit of y?
1
Let q = 144 - -4. What is the tens digit of q?
4
Let s be (-4)/(-10) + 113/5. Suppose s = -5*j + 3. What is the units digit of -14*-1*(-2)/j?
7
Let y(q) be the third derivative of -q**4/6 + q**3/2 - 2*q**2. What is the units digit of y(-3)?
5
Suppose -1 = -3*d + 4*d + 3*t, -4*d + 4*t + 12 = 0. Suppose 0 = u - 3*f - 17, -2*u + 98 = 3*u - d*f. What is the tens digit of 192/u + (-2)/(-5)?
1
Let y(v) = v**3 - 3*v - 2*v**3 + 1 + 5*v**2 + 0*v**3 - 2. What is the units digit of y(3)?
8
Suppose 0*p = -3*w - 2*p + 119, -4*w + 5*p = -128. What is the units digit of w?
7
Let x = -9 - 0. What is the units digit of 424/36 + (-2)/x?
2
Let j = -11 - -16. Suppose -j*l = -3*n + 97, -4*n + 4*l = n - 153. Suppose n - 4 = 5*w. What is the units digit of w?
5
Let f(z) = z**2 + 4. Suppose -2 + 5 = -p. What is the units digit of f(p)?
3
Let v(o) = -9*o + 1 + 2*o - o**2 - 2. What is the units digit of v(-5)?
9
Suppose 0 = -0*b + 3*b - 15. Let g(f) = -f**3 + 3*f**2 + 6*f + 2. Let w be g(b). What is the units digit of w/(-10) - (-2)/10?
2
Let a = 7 - 10. What is the units digit of (6 + a - 8)/(-1)?
5
Suppose 3*z - 387 = 612. What is the tens digit of z?
3
Suppose -94 - 242 = -3*w. What is the units digit of w?
2
Suppose 0 = -2*l + 18. Let u = 22 - l. What is the units digit of u?
3
Let s(o) = o**2 + 4*o - 4. Let c be s(-4). Let m(p) = -p**3 - 6*p**2 - p + 7. Let z be m(-6). Let a = c + z. What is the units digit of a?
